 and x.
16
Let f(r) = r**2 - 7*r + 1. Let c be f(8). Suppose 0 = -d - 2*u + 28, -d - 3*u - c + 35 = 0. What is the highest common factor of d and 4?
4
Suppose 2*h + 5*c = 406, -3*c = 2*h + c - 408. What is the greatest common divisor of h and 16?
16
Let n(m) = -m - 7*m**3 + 0*m**3 - 6 + 4 - 3*m**2. Let t be n(-2). Let v be t/6*(2 - -1). Calculate the highest common factor of v and 2.
2
Suppose -x - 2*r + 33 = 0, -6*r + r + 45 = x. Calculate the greatest common divisor of x and 25.
25
Let f(y) = 8*y**2 + 1. Let j be f(1). What is the highest common divisor of 27 and j?
9
Suppose 0 = j + 4*n + 10, -j + 19 - 4 = -n. Let t = 10 - 7. Suppose -3*g = -t*c + 25 + 41, 2*c - 42 = g. What is the greatest common divisor of c and j?
10
Let v = 11 + -15. Let z = -1 - v. Suppose 0 = z*s - q - 101, -q = 3*s - 6*q - 85. What is the greatest common factor of s and 7?
7
Suppose -12 = 2*r - 140. Let w(z) = -z**3 - 10*z**2 - 12*z - 11. Let n be w(-9). What is the greatest common divisor of n and r?
16
Let f be (-32)/(-5) - 3*4/30. Calculate the greatest common divisor of f and 24.
6
Let p be 2/6 - 4628/(-12). Suppose 4*f - p = -66. What is the greatest common factor of f and 16?
16
Suppose 5*n + 4*y - 66 = 0, -3*n + 8 = -n - 3*y. Let a = -1 + 3. Calculate the highest common divisor of a and n.
2
Let t be (72/84)/(6/56). What is the greatest common divisor of 10 and t?
2
Suppose 3*h = -2*y - 2, 5*y + 2*h - 2 = -2*h. Let l(c) = 33*c - 4. Let d be l(y). Suppose p - d = 15. What is the highest common divisor of 7 and p?
7
Let y = -3 - -1. Let g be (-1788)/(-18) - y/(-6). What is the greatest common divisor of g and 11?
11
Let w be -4*1/(-2)*1. Let y be (-44)/(-1 + w + -2). Calculate the greatest common factor of 66 and y.
22
Let h be 1/5 + (-192)/(-15). Let u = h - 7. Let g be 789/12 - (-2)/8. What is the greatest common factor of u and g?
6
Let z(q) = 2*q**2 - 6*q + 12. Let y be z(10). Calculate the greatest common divisor of y and 19.
19
Let i be 1 + -1 + 2 + 3. Suppose -57 = 2*o + 231. Let u = -99 - o. What is the greatest common divisor of u and i?
5
Let o = -387 + 625. Calculate the greatest common divisor of 34 and o.
34
Suppose -j = -29 - 46. Let n(b) be the first derivative of b**4/4 - 2*b**3 + 3*b**2 - 6*b - 2. Let z be n(6). What is the highest common divisor of z and j?
15
Let m(c) = -c**3 + 6*c**2 + 6*c + 4. Let h(z) = -z - 1. Let k(j) = 5*h(j) - m(j). Let x be k(9). Calculate the greatest common divisor of 15 and x.
15
Let u = -3 - -8. Suppose -5*s = -6*s + 221. Suppose 0 = -u*q + 2*h + s + 43, 268 = 5*q - 4*h. What is the greatest common factor of 13 and q?
13
Let z = -14 - -14. Suppose z = 5*o - 62 - 8. What is the greatest common factor of 14 and o?
14
Let p be 2/12*3*4. Suppose 70 = p*n + 3*n - 5*z, 0 = z + 1. What is the greatest common factor of n and 13?
13
Suppose -2*a + 4*f + 3 = -11, 2*a - 2*f = 12. Suppose a*d + 17 = -8. Let q be 4/10 - 38/d. Calculate the greatest common divisor of q and 72.
8
Let p be (-180)/(-27)*12/5. Suppose 0 = -0*v + 2*v - 224. Suppose -k = p - v. What is the highest common factor of 12 and k?
12
Suppose 6 = 2*m + 2. Let v = 2 + m. Let u be 100/30 - 4/(-6). What is the highest common divisor of u and v?
4
Let j(n) = -n**2 + 6*n - 1. Let g(p) = -p + 1. Let w be g(-5). Let c be j(w). Let b = c + 11. What is the greatest common divisor of 40 and b?
10
Suppose -4*i + 4*s = -24, 4*s = s. Let u = 6 + -4. Let o be 0/(-2) - (-132)/u. What is the highest common factor of i and o?
6
Suppose 9 = 3*v - 6*v, 0 = 3*b + 3*v - 15. Let c = -8 + b. Suppose -2*j = -4*p + 412, c = -5*j + j + 16. What is the greatest common factor of 42 and p?
21
Let b be (1 + -2)/(4/(-8)). Let u(k) = k**3 - 2*k**2 + k. Let w be u(b). Calculate the highest common factor of 2 and w.
2
Let k = 67 - 63. What is the highest common factor of k and 8?
4
Let x(m) = 41*m - 2. Let p be x(2). Let d be ((9 + -6)/(-6))/((-1)/64). Calculate the highest common divisor of p and d.
16
Suppose -2*j + 0*j + 28 = 0. Suppose 1 - 5 = -2*b. What is the greatest common factor of b and j?
2
Let c be (12/16)/((-2)/(-312)). Suppose 5*z = c + 433. What is the highest common divisor of 22 and z?
22
Suppose 5*c + 1 = -4. Let j be c + 1/(-1) + 47. Suppose -5*w + 5*y + 82 = 3*y, 2*y = -w + 26. What is the greatest common factor of j and w?
9
Suppose 5*h - 14 = -4*f, -2*f + 0*f + 6 = 2*h. Calculate the highest common divisor of h and 10.
2
Suppose 1 = 4*j - 7. Suppose -2*v = j*w - 2, 0 = 3*w - 8*w + 4*v + 14. Calculate the greatest common factor of w and 4.
2
Suppose -2*v + 30 = z, 0*v = v + 1. Let i = -102 + 14. Let m = -40 - i. What is the highest common factor of z and m?
16
Let r = -233 - -341. Calculate the highest common divisor of 36 and r.
36
Suppose -33 = -4*c + 3. What is the greatest common factor of 3 and c?
3
Let a(z) = 29*z**2 - z - 1. Let t be a(1). What is the highest common divisor of 36 and t?
9
Let x = 16 + -2. Calculate the highest common divisor of x and 21.
7
Suppose 3 = 4*j - 1. Let f = j - -5. Calculate the greatest common divisor of f and 42.
6
Let h(n) = n**3 - 6*n**2 + 4*n - 7. Let t be h(6). Let m be (-1 - t)/(21/(-14)). What is the greatest common divisor of m and 60?
12
Suppose 3*f - 32 = 5*y, -f - 3*y - 3 = 5. Calculate the highest common divisor of f and 10.
2
Suppose 42 + 58 = 5*c. Suppose -c + 4 = -4*o. Suppose 2 = -g - 2*m + 12, 0 = 4*g + o*m - 40. Calculate the greatest common divisor of g and 5.
5
Suppose -15 = -4*t + 13. Let j be (96/(-80))/(4/(-210)). Calculate the highest common divisor of t and j.
7
Suppose 2*f - 153 = -4*k + 7*f, -k + 27 = -5*f. What is the greatest common divisor of k and 28?
14
Suppose -2*a = -b - 177, -a = -0*a - 3*b - 91. Let q = -532 + 540. Calculate the highest common factor of q and a.
8
Let u(h) = -h**2 + 8*h - 2. Let y be u(7). Let v(g) = 1 - y*g + 4*g + g**2 - 4*g**3 + 14*g**3. Let l be v(1). What is the greatest common factor of l and 22?
11
Suppose 5*o - 84 + 14 = 0. Let q be 0 + 71 + (-3 - -2). What is the highest common factor of q and o?
14
Suppose p + 75 = 6*p. Suppose -5*v + 2*z = 3*z - 15, 4*v - 12 = -z. Let r be 2 - 59*(-6)/v. What is the highest common factor of r and p?
15
Suppose 12 = x + 5*s, -3*x - 2*s = -0*s - 10. Let y = 4 + 0. What is the greatest common divisor of y and x?
2
Let o(k) = 5*k**3 + 5 + k - 2*k**2 - 8*k - 4*k**3. Let d be o(5). What is the greatest common divisor of d and 18?
9
Let u = 1 - 3. Let p be 2 + u - (1 + -449). Suppose i - 3*t = -i + 249, -p = -4*i - 4*t. What is the highest common factor of 13 and i?
13
Let r = 59 - 22. What is the highest common factor of 74 and r?
37
Suppose 3*i - 64 = -4*n, 2*i + 32 = 2*n + 7*i. What is the highest common divisor of n and 12?
4
Let y(n) = n**3 + 4*n**2 - 5*n. Let h be y(-5). Let t(d) = d**2 - d + 2. Let m be t(h). What is the greatest common divisor of m and 4?
2
Suppose -3*h = 13*h - 96. What is the highest common divisor of h and 78?
6
Let g be 14*((-3)/(-2) + 26/4). What is the highest common factor of 16 and g?
16
Suppose -3*b + 16 = -2*b. What is the highest common factor of b and 4?
4
Suppose 4*s - 72 = -4*z, 53 + 1 = 3*s - 5*z. Let a = 182 + -20. Calculate the greatest common divisor of s and a.
18
Suppose -3*y = 7 + 2. Let q be y*(8/(-6))/2. What is the greatest common divisor of 2 and q?
2
Let d(w) = -w + 2. Let p be d(-5). What is the highest common factor of 77 and p?
7
Suppose -z - 728 = 3*z. Let x be z/(-10) + 3/(-15). What is the highest common divisor of 90 and x?
18
Let a be 80/(-14)*42/(-12). What is the highest common factor of 15 and a?
5
Suppose 4*b = d + 237, -225 = -2*b - 2*b + 5*d. What is the highest common factor of 24 and b?
12
Let k be 4/(-22) - 68/(-11). Suppose 0 = 3*s - 3 - k. What is the greatest common factor of s and 1?
1
Let u = 397 - 190. Suppose 4*w - 189 = u. Let s be 2/(-6)*11/(-2)*6. What is the greatest common factor of w and s?
11
Suppose 0 = 4*r + f - 16, 4*f + 36 = 4*r - 0*f. Suppose -r*n = -n - 164. Let z = -25 + n. Calculate the highest common factor of 64 and z.
16
Let p be (0 + -2 + 2)/(-2). Suppose -3*x + 45 + 0 = p. Suppose -3*i = -3*q - 345, 0*i + i = 4*q + 100. What is the greatest common divisor of x and i?
15
Suppose 9 - 11 = -2*h. What is the greatest common factor of h and 2?
1
Let x(n)